actors of x?
2, 3
Let k be (-259)/(-49) - (-4)/(-14). List the prime factors of (k + -3)/(4/46).
23
Let o be -1*(-5)/(15/33). Let a(c) = 2*c - 7. Let j(f) = -5*f + 21. Let w(n) = 11*a(n) + 4*j(n). What are the prime factors of w(o)?
29
Let l(g) = -g**3 - 19*g**2 - 2*g - 36. Let s be l(-19). Suppose -d = -5*k + 1174, -s*d - 50 = -4*k + 894. What are the prime factors of k?
2, 3, 13
Let m(g) = -6*g + 2. Let b be m(-11). Suppose 0 = 3*h + b - 398. List the prime factors of h.
2, 5, 11
Let c(i) = 7*i**2 - 4*i + 61. What are the prime factors of c(-10)?
3, 89
Suppose 0 = -2*k, -5*f - 5*k - 620 = -7*f. List the prime factors of f.
2, 5, 31
Let d(g) = g**2 + g + 31. Let y be d(0). Suppose 3*l - y - 104 = 0. What are the prime factors of l?
3, 5
List the prime factors of 3 - (-95)/(-35) - (-36730)/70.
3, 5, 7
Suppose 5120 = 2*f + 3*f. What are the prime factors of f?
2
Let j = 50 + -155. Let d = 181 + j. What are the prime factors of d?
2, 19
Let i(b) = -5*b - 24. Suppose 0 = -5*w + w + 20. Suppose m = -5 - w. What are the prime factors of i(m)?
2, 13
What are the prime factors of ((-25632)/(-126))/((-6)/(-21))?
2, 89
Suppose 0 = 2*s - 52 - 74. Suppose 0 = 5*v - 2*t - 323, 8 = -v - 2*t + s. What are the prime factors of v?
3, 7
Suppose 2787 + 19984 = 7*t. List the prime factors of t.
3253
Let w be (-2)/7 - (-64)/28. Suppose -3*o + 21 = w*a, a - 4*a + 9 = 0. Suppose -2*b = o*r - 5*b - 73, 0 = 4*r + 4*b - 84. What are the prime factors of r?
17
Suppose w + 1293 - 533 = -4*r, -5*w - 935 = 5*r. What are the prime factors of -1*(r + (-2 - 0))?
193
List the prime factors of 51/(-33) + 1 - (-1066548)/462.
2, 577
List the prime factors of 52190/145 - (-6)/87*1.
2, 3, 5
Let p = 33 + -33. Suppose 4*a + c - 2 = -p, -2*c + 4 = 5*a. Suppose 5*b - 4*m = 107, 5*b - m - 98 = -a*m. List the prime factors of b.
19
Let g be (108/30)/((-3)/105). Let j = 301 - g. Suppose 4*t - 11*t + j = 0. What are the prime factors of t?
61
Let w(j) = -2*j + 4 + 0*j + 2*j + 9*j**2 - 11*j - j**3. Let i = -15 - -22. List the prime factors of w(i).
5
Let j(d) be the first derivative of 73*d**2 - 7*d - 45. List the prime factors of j(2).
3, 5, 19
Suppose -10*p + 8*p = -3*f + 2322, 3*p = 4*f - 3095. List the prime factors of f.
2, 97
Let k be 74/3 + 4/(-6). Suppose 0 = -q + 5*h + k, -2*q + 20 = h + 3*h. Let s = q - 11. List the prime factors of s.
3
Let q(s) = s**3 + 3*s**2 - 12*s - 7. Let v be q(-5). Suppose -79 = -g - 3*k, 0 = g + 2*g - v*k - 225. What are the prime factors of g?
2, 19
Let z(a) = -42*a - 58. List the prime factors of z(-9).
2, 5
Let v(k) = -k - 13. Let j be v(-7). What are the prime factors of j*(-34)/(-3)*24/(-32)?
3, 17
List the prime factors of (56/(-7) - -1417) + 9.
2, 709
Suppose 0 = -5*q + 25, 4*n + q - 6*q = 519. Let t = n + -16. What are the prime factors of t?
2, 3, 5
Let q(u) = -u**3 + 14*u**2 + 16*u + 7. Let v be q(15). Suppose 0 = -2*o - 3*r + v, 4*r - 26 = -o - 10. What are the prime factors of o?
2
Let y(k) = k**2 + 2*k - 5. Let o be y(-6). Let l be -3*3 + -2 + 4. Let z = o + l. What are the prime factors of z?
2, 3
Let o = 416 - 270. What are the prime factors of o?
2, 73
Suppose 2*k - 2*z - 232 = 4*k, -3*z = -5*k - 572. Let d = -78 - k. Suppose -3*l + d = 3*c + l, 0 = -5*c + 4*l + 19. What are the prime factors of c?
7
Let g(c) = c**2 + 9*c + 6. Let n be g(-7). Let u = n + 15. List the prime factors of u.
7
Let q(w) be the first derivative of w**3/3 + 7*w**2/2 + 10*w - 5. Let x be q(-8). Let f = x - 11. List the prime factors of f.
7
Suppose -x = 45*m - 43*m - 23, 5*m - 130 = -5*x. List the prime factors of x.
29
Let a(r) = -667*r**3 - r**2 - 8*r - 8. What are the prime factors of a(-1)?
2, 3, 37
Let p = 19 - 9. Suppose 3*q - 5*c + 10 = 0, 8*c = q + 3*c + p. Suppose 0 = -u - 2*o - q*o + 10, -8 = -2*o. List the prime factors of u.
2
Let a(h) = h**3 + 2. What are the prime factors of a(0)?
2
Let v(z) = 2*z**2 + 6*z - 35. What are the prime factors of v(14)?
3, 7
Suppose -11*y + 8*y = 4*s - 1544, -758 = -2*s - 5*y. List the prime factors of s.
389
Let d be 75 + (-1)/(-2)*8. Let r = d + -16. List the prime factors of r.
3, 7
Suppose -3*v + 385 = 2*v. Let g = v - 25. Let m = g - 25. What are the prime factors of m?
3
Let t = -106 - -666. What are the prime factors of t?
2, 5, 7
Let h = 2287 + -796. List the prime factors of h.
3, 7, 71
Let h = -461 - -1641. What are the prime factors of h?
2, 5, 59
Let x(p) = -4*p**3 - 5*p**2 - 3*p - 1. Let u be x(-3). Let f(h) = -13*h + 38. Let q be f(-6). Let k = q - u. List the prime factors of k.
3, 5
Let n be (2/(-5))/(3/75). Let z = n - -12. Suppose -f - 2*f + 3 = 3*o, -3*f - z*o = -6. List the prime factors of f.
2
Let c be (8 - 0)*21/(-42). List the prime factors of (-1)/c - 812/(-16).
3, 17
Let b be 6 - -1 - (-5 - (9 - 18)). Suppose b*l - 1065 = -354. What are the prime factors of l?
3, 79
Let k(v) = 4*v - 3*v + 5 - 6*v**3 - 2*v + 5*v - 4*v**2. What are the prime factors of k(-4)?
3, 103
Let m = 60 + -55. Suppose -4*k + 5*k = m*p - 1264, -2*k = 8. List the prime factors of p.
2, 3, 7
Let n(m) = -15*m**2 + 49*m - 23. Let k(u) = -7*u**2 + 24*u - 12. Let p(z) = 13*k(z) - 6*n(z). List the prime factors of p(12).
2, 3
Let u = -628 - -1796. List the prime factors of u.
2, 73
Suppose 175 = -11*k + 33450. What are the prime factors of k?
5, 11
Suppose a + m = -0*m + 3, 5*a - 5*m = 45. Suppose -x = -107 - a. What are the prime factors of x?
113
Suppose 0*v = -3*v - 75. Let p be (9 + 1)*(-15)/v. Let g = p + 0. What are the prime factors of g?
2, 3
Let h(r) = 6*r**2 - 21*r + 12. Let u be h(8). Suppose 4*m - 16*m = -u. What are the prime factors of m?
19
Let v = 71 - 50. Suppose 3*b = 2*x - 79, 2*b = 2*x - 61 - v. What are the prime factors of x?
2, 11
Suppose 400 = 4*l + b + 3*b, -4*b - 212 = -2*l. What are the prime factors of l?
2, 3, 17
Suppose 5*y + 2*a = 1303, -781 = -3*y + 2*a - 3*a. List the prime factors of y - (-3 + -5)/4.
3, 29
Suppose 23 - 11 = 2*o. Suppose -5*s + o = -4. Let d = 8 - s. What are the prime factors of d?
2, 3
Suppose 0 = 6*j - 3*j - 12. Suppose 0*l - j*l = -396. Let s = -57 + l. List the prime factors of s.
2, 3, 7
Let r(x) be the first derivative of x**4/4 - 2*x**3 - 5*x**2/2 - 2*x + 1. Suppose -2*p = -29 + 15. What are the prime factors of r(p)?
2, 3
Let r be ((-62)/(-8))/(3/(-12)). Let w = 51 + r. What are the prime factors of w?
2, 5
Suppose 2*w + 2 = 4*l, -2*w + 4 = -4*l + 2*w. Suppose 0 = 4*c + l*y + 3*y - 311, 163 = 2*c + y. List the prime factors of c.
2, 3, 7
Let j = 26 + 3. Let t = j - -9. List the prime factors of t.
2, 19
Suppose -124*c = -120*c - 12. Suppose -4*b + 260 = 4*a, 112 = -c*b - 5*a + 303. What are the prime factors of b?
67
Let q be (53 - 2) + 4/2. Let h(v) = 13*v + 641. Let z be h(-51). Let p = q - z. List the prime factors of p.
3, 5
Let q(j) = -j**3 - 2*j**2 - 4*j - 3. Let x be q(-2). Let r = 103 - x. List the prime factors of r.
2, 7
Let p = 718 - 290. What are the prime factors of p?
2, 107
Suppose -g = 2*f - 8, -75 = -5*g + 3*f - 9. Suppose 12*p = 10*p + g. Suppose -3*w = -p*w + 42. List the prime factors of w.
2, 7
Let h(r) = -2*r + 12. Let n be 4/3*(-15)/2. Let s be h(n). Suppose 6*y - 4*y = s. What are the prime factors of y?
2
Suppose 9*v = 6*v + 15. Suppose -2*s - 6*q = -q + 5, 2*s = v*q + 5. List the prime factors of (-48 - 1)*(s + -1).
7
Let t = 867 + -305. What are the prime factors of t?
2, 281
Suppose -143399 - 62291 = -67*n. List the prime factors of n.
2, 5, 307
Suppose 2*m + 546 = y, y + 0*m - 552 = 4*m. List the prime factors of y.
2, 3, 5
Suppose 27*s - 61*s + 42228 = 0. List the prime factors of s.
2, 3, 23
Let d(l) = -l + 20. Let i(b) = 2*b**2 - 3*b**2 + 3*b**3 + 3*b**3 + b + 0*b**2. Let n be i(1). What are the prime factors of d(n)?
2, 7
What are the prime factors of 5 - (-11)/(-3) - (-19816)/6?
2, 7, 59
Let l = 1394 + -203. What are the prime factors of l?
3, 397
Let x be 5 - ((-12)/(-4) + -1). Suppose -n = d - x*n + 2, -d + 2 = -3*n. List the prime factors of 4/d - 187/(-5).
37
Suppose -3*y = 4*l - 11613, 5*y - 3*l - 10927 = 8399. List the prime factors of y.
3, 1289
Suppose 3*o - 14 = 16. Suppose 3*a = -2*r - 9, -3*r - 2 = 4*a + o. Suppose r = -2*k + 10 + 6. List the prime factors of k.
2
Suppose 1190 = 3*k + 2*u, -k = 4*u + 1 - 401. Suppose 5*f + 3*